{"id":3353,"date":"2016-05-23T13:30:12","date_gmt":"2016-05-23T13:30:12","guid":{"rendered":"http:\/\/horrido.info\/?page_id=3353"},"modified":"2016-05-30T20:12:10","modified_gmt":"2016-05-30T20:12:10","slug":"aussuchen-und-fahnenweihe-der-neuen-fahne","status":"publish","type":"page","link":"https:\/\/horrido.info\/?page_id=3353","title":{"rendered":"Aussuchen und Fahnenweihe der neuen Fahne"},"content":{"rendered":"<p><a href=\"http:\/\/horrido.info\/?page_id=53\" rel=\"prev\"><span class=\"meta-nav\">\u2190<\/span> Historisches<\/a><\/p>\n<p>Sieben Offiziere und Vorstandsmitglieder des Sch\u00fctzenvereins Lengerich Dorf e.V. von 1634 (im Bild mit der alten Fahne) traten im Jahre 2003 eine lange Dienstreise nach S\u00fcddeutschland an. Das Material, die Farbt\u00f6ne und Ansichten der neuen Fahne konnten in erfolgreicher Zusammenarbeit mit der Firma Fahnen K\u00f6ssinger aus Schierling bei Regensburg festgelegt werden. Die modernere und gr\u00f6\u00dfere Fahne wird auf dem Sch\u00fctzenfest vom 12.-14. Juli 2003 mit einer feierlichen Fahnenweihe in den Dienst gestellt.<\/p>\n<figure id=\"attachment_3354\" aria-describedby=\"caption-attachment-3354\" style=\"width: 590px\" class=\"wp-caption aligncenter\"><a href=\"http:\/\/horrido.info\/wp-content\/uploads\/2016\/05\/bild.jpg\" rel=\"lightbox[3353]\"><img loading=\"lazy\" decoding=\"async\" class=\"size-full wp-image-3354\" src=\"http:\/\/horrido.info\/wp-content\/uploads\/2016\/05\/bild.jpg\" alt=\"v.l.: Peters Karl-Heinz, Weltring Karl-Heinz, Dall Ludger, Maue Robert, Merscher Michael, Weltring Hans-J\u00fcrgen, Gerdes Peter\" width=\"590\" height=\"323\" srcset=\"https:\/\/horrido.info\/wp-content\/uploads\/2016\/05\/bild.jpg 590w, https:\/\/horrido.info\/wp-content\/uploads\/2016\/05\/bild-500x274.jpg 500w\" sizes=\"auto, (max-width: 590px) 100vw, 590px\" \/><\/a><figcaption id=\"caption-attachment-3354\" class=\"wp-caption-text\">v.l.: Karl-Heinz Peters, Karl-Heinz Weltring, Ludger Dall, Manfred Maue, Michael Merscher, Hans-J\u00fcrgen Weltring, Peter Gerdes<\/figcaption><\/figure>\n<hr \/>\n<h2 style=\"text-align: center;\"><span style=\"text-decoration: underline;\"><strong>Vorbericht zum Sch\u00fctzenfest 2003<\/strong><\/span><\/h2>\n<table id=\"table13\" border=\"0\" width=\"100%\" cellspacing=\"0\">\n<tbody>\n<tr>\n<td align=\"center\">\n<div align=\"center\">\n<div align=\"center\">\n<div align=\"center\">\n<div align=\"center\">\n<div align=\"center\">\n<div align=\"center\">\n<div align=\"center\">\n<div align=\"center\">\n<table id=\"table17\" border=\"1\" width=\"600\" cellspacing=\"2\" cellpadding=\"10\">\n<tbody>\n<tr>\n<td>Es ist soweit: Am Sonntag wird die neue Vereinsfahne den Offizieren vom Sch\u00fctzenverein Lengerich-Dorf im Rahmen einer feierlichen Fahnenweihe \u00fcbergeben. Im Bild mit der alten Fahne von 1957 v.l. Adjudant Ludger Stoll, Fahnenoffizier Martin Landwehr, F\u00e4hnerich Ralf Heskamp, 1. Offizier Carsten H\u00f6ving, 3. Offizier Christian Heskamp, Kommandeur Hans-J\u00fcrgen Weltring und 2. Offizier Egon Kothe. Dieser H\u00f6hepunkt in der Geschichte des Sch\u00fctzenvereins beginnt um 14:00 Uhr mit dem Antreten der Sch\u00fctzen vom Sch\u00fctzenverein Lengerich-Dorf auf dem Marktplatz. Die Gastvereine Sch\u00fctzenverein Lengerich-Bauernschaft und die B\u00fcrgersch\u00fctzen aus Lengerich Westfalen werden um 14:30 Uhr im Ortskern eintreffen. Anschlie\u00dfend wird die neue Fahne ausgeholt und von den Geistlichen der evangelischen und der katholischen Gemeinde geweiht.Am heutigen Samstag startet das Sch\u00fctzenfest bereits mit einem Highlight f\u00fcr die Jugend. Einer der \u201egr\u00f6\u00dften Mobildiscos im Lande\u201c Confusion erwartet ihr Publikum. Der Sonntag steht ganz im Zeichen der neuen Fahne und wird mit dem Adlerschie\u00dfen f\u00fcr alle ehemaligen K\u00f6nige, Shanty-Chor Geeste-Dalum und dem Festball mit der Kapelle \u201eA la Carte\u201c im Programm abgerundet. Ein Sch\u00fctzenfest ist aber nichts f\u00fcr Langschl\u00e4fer, denn am Montag werden die Sch\u00fctzen ausgeschlafen um 8:00 Uhr zum Antreten auf dem Marktplatz erwartet. Hat ein Sch\u00fctze im Laufe des Vormittags den Adler zum Fallen gebracht, wird seine K\u00f6nigsw\u00fcrde um 13:30 Uhr mit dem traditionellen Parademarsch geehrt. Grund genug, um gemeinsam mit dem alten und dem neuen Thron am Abend einen Festball zu feiern. Leider wird auch dieses Sch\u00fctzenfest mit den letzten drei T\u00e4nzen unter der Linde auf dem Marktplatz in den fr\u00fchen Morgenstunden enden. Doch eines bleibt dem Sch\u00fctzenverein erhalten, die neue Fahne. Es soll noch nicht zu viel verraten werden, jedoch hier ein paar Worte zu den Ansichten der neuen Fahne: Auf der Seite 1 auf naturfarbenem Damaststoff befindet sich eine Ansicht des Ortes Lengerich im Emsland (Ortspanorama). Umgeben ist das Ortspanorama mit der Aufschrift \u201eSch\u00fctzenverein Lengerich-Dorf\u201c. Auf der zweiten Seite (gr\u00fcner Damaststoff) befindet sich das Wappen des Sch\u00fctzenvereins Lengerich-Dorf, bestehend aus dem goldenen Adler, der ein Schild mit dem Lengericher Gemeindewappen sowie in seinen Krallen Zepter und Reichsapfel tr\u00e4gt, mit den Gewehren als Zeichen f\u00fcr den Schie\u00dfsport sowie einer Eichenlaubgirlande. Der Adler ist umgeben von der Schrift \u201e Lengerich&#8230; &#8230;wohl gelegen\u201c, einer Zeile aus dem \u201eLengericher Heimatlied\u201c, sowie den Wappen des Landes Niedersachsen, des Landkreises Emsland, der Samtgemeinde Lengerich und der Gemeinde Lengerich als Kennzeichen f\u00fcr die geographische Lage und politische Zuordnung des Ortes. Weiterhin befinden sich auf dieser Seite die Jahreszahlen 1634 (Entstehungsjahr des Vereins) sowie 2003 (Herstellungsjahr der Fahne). Die Fahne wurde von der Firma Fahnen-K\u00f6ssinger in Schierling bei Regensburg in aufw\u00e4ndiger Handarbeit gefertigt. Eine Abordnung des Sch\u00fctzenvereins hat am vergangenen Samstag die Fahne am Herstellungsort in Empfang genommen.<\/p>\n<p>Die alte \u2013 1957 entstandene Fahne \u2013 befindet sich in einem insgesamt schlechten Zustand und mu\u00dfte daher ersetzt werden, um die vollst\u00e4ndige Zerst\u00f6rung zu vermeiden. Sie wird jedoch in n\u00e4chster Zeit restauriert und zuk\u00fcnftig an jedem Jahrestag ihrer Entstehung (erstmals also 2007) sowie bei allen \u2013 eigenen \u2013 Jubelfesten mitgef\u00fchrt.<\/td>\n<\/tr>\n<\/tbody>\n<\/table>\n<\/div>\n<\/div>\n<\/div>\n<\/div>\n<\/div>\n<\/div>\n<\/div>\n<\/div>\n<p>Quelle: Karl-Heinz Peters und Manfred Maue ( Eigenbericht )<\/td>\n<\/tr>\n<\/tbody>\n<\/table>\n<hr \/>\n<h2 style=\"text-align: center;\"><strong><span style=\"text-decoration: underline;\">Bericht LT &#8211; Lingen zum Sch\u00fctzenfest 2003 mit Fahnenweihe<\/span><\/strong><\/h2>\n<p style=\"text-align: center;\"><a href=\"http:\/\/horrido.info\/wp-content\/uploads\/2016\/05\/ART20031.jpg\" rel=\"lightbox[3353]\"><img loading=\"lazy\" decoding=\"async\" class=\"alignnone size-full wp-image-3362\" src=\"http:\/\/horrido.info\/wp-content\/uploads\/2016\/05\/ART20031.jpg\" alt=\"ART20031\" width=\"540\" height=\"369\" srcset=\"https:\/\/horrido.info\/wp-content\/uploads\/2016\/05\/ART20031.jpg 540w, https:\/\/horrido.info\/wp-content\/uploads\/2016\/05\/ART20031-500x342.jpg 500w\" sizes=\"auto, (max-width: 540px) 100vw, 540px\" \/><\/a><\/p>\n<p style=\"text-align: center;\"><a href=\"http:\/\/horrido.info\/wp-content\/uploads\/2016\/05\/ART20032.jpg\" rel=\"lightbox[3353]\"><img loading=\"lazy\" decoding=\"async\" class=\"alignnone size-full wp-image-3361\" src=\"http:\/\/horrido.info\/wp-content\/uploads\/2016\/05\/ART20032.jpg\" alt=\"ART20032\" width=\"548\" height=\"564\" srcset=\"https:\/\/horrido.info\/wp-content\/uploads\/2016\/05\/ART20032.jpg 548w, https:\/\/horrido.info\/wp-content\/uploads\/2016\/05\/ART20032-486x500.jpg 486w\" sizes=\"auto, (max-width: 548px) 100vw, 548px\" \/><\/a><\/p>\n<p style=\"text-align: center;\">\n","protected":false},"excerpt":{"rendered":"<p>\u2190 Historisches Sieben Offiziere und Vorstandsmitglieder des Sch\u00fctzenvereins Lengerich Dorf e.V. von 1634 (im Bild mit der alten Fahne) traten im Jahre 2003 eine lange Dienstreise nach S\u00fcddeutschland an. Das Material, die Farbt\u00f6ne und Ansichten der neuen Fahne konnten in<\/p>\n","protected":false},"author":1,"featured_media":0,"parent":0,"menu_order":0,"comment_status":"closed","ping_status":"closed","template":"","meta":{"footnotes":""},"class_list":["post-3353","page","type-page","status-publish","hentry"],"_links":{"self":[{"href":"https:\/\/horrido.info\/index.php?rest_route=\/wp\/v2\/pages\/3353","targetHints":{"allow":["GET"]}}],"collection":[{"href":"https:\/\/horrido.info\/index.php?rest_route=\/wp\/v2\/pages"}],"about":[{"href":"https:\/\/horrido.info\/index.php?rest_route=\/wp\/v2\/types\/page"}],"author":[{"embeddable":true,"href":"https:\/\/horrido.info\/index.php?rest_route=\/wp\/v2\/users\/1"}],"replies":[{"embeddable":true,"href":"https:\/\/horrido.info\/index.php?rest_route=%2Fwp%2Fv2%2Fcomments&post=3353"}],"version-history":[{"count":7,"href":"https:\/\/horrido.info\/index.php?rest_route=\/wp\/v2\/pages\/3353\/revisions"}],"predecessor-version":[{"id":3428,"href":"https:\/\/horrido.info\/index.php?rest_route=\/wp\/v2\/pages\/3353\/revisions\/3428"}],"wp:attachment":[{"href":"https:\/\/horrido.info\/index.php?rest_route=%2Fwp%2Fv2%2Fmedia&parent=3353"}],"curies":[{"name":"wp","href":"https:\/\/api.w.org\/{rel}","templated":true}]}}