{"id":4963,"date":"2018-05-18T13:28:37","date_gmt":"2018-05-18T13:28:37","guid":{"rendered":"http:\/\/horrido.info\/?page_id=4963"},"modified":"2026-03-27T20:08:54","modified_gmt":"2026-03-27T20:08:54","slug":"impressum-2","status":"publish","type":"page","link":"https:\/\/horrido.info\/?page_id=4963","title":{"rendered":"Impressum &#038; Datenschutzerkl\u00e4rung"},"content":{"rendered":"<hr \/>\n<h2>Impressum<\/h2>\n<h4>Angaben gem\u00e4\u00df \u00a7 5 TMG:<\/h4>\n<p>Sch\u00fctzenverein\u00a0Lengerich-Dorf e.V.<br \/>\nKirchstrasse 20<br \/>\n49838 Lengerich<\/p>\n<h4>Vertreten durch:<\/h4>\n<p><strong>Vorsitzender:<\/strong>\u00a0 Ralph Stassen<\/p>\n<h4>Kontakt:<\/h4>\n<p><strong>Telefon:\u00a0<\/strong> 0171\/7212443<br \/>\n<strong>E-Mail:<\/strong>\u00a0 vorstand@horrido.info<\/p>\n<h4>Registereintrag:<\/h4>\n<p>Eintragung im Vereinsregister.<br \/>\n<strong>Registergericht:\u00a0<\/strong> Amtsgericht Osnabr\u00fcck<br \/>\n<strong>Registernummer:<\/strong>\u00a0 VR 100242<\/p>\n<h4>Verantwortlich f\u00fcr den Inhalt nach \u00a7 55 Abs. 2 RStV:<\/h4>\n<p>Ralph Stassen<br \/>\nKirchstrasse 20<br \/>\n49838 Lengerich<\/p>\n<p><strong>und<\/strong><\/p>\n<p>Sven Weltring<br \/>\nAn der Reithalle 17<br \/>\n49838 Lengerich<\/p>\n<h4>Streitschlichtung<\/h4>\n<p>Wir sind nicht bereit oder verpflichtet, an Streitbeilegungsverfahren vor einer Verbraucherschlichtungsstelle teilzunehmen.<\/p>\n<h4>Haftung f\u00fcr Inhalte<\/h4>\n<p>Als Diensteanbieter sind wir gem\u00e4\u00df \u00a7 7 Abs.1 TMG f\u00fcr eigene Inhalte auf diesen Seiten nach den allgemeinen Gesetzen verantwortlich. Nach \u00a7\u00a7 8 bis 10 TMG sind wir als Diensteanbieter jedoch nicht verpflichtet, \u00fcbermittelte oder gespeicherte fremde Informationen zu \u00fcberwachen oder nach Umst\u00e4nden zu forschen, die auf eine rechtswidrige T\u00e4tigkeit hinweisen.<\/p>\n<p>Verpflichtungen zur Entfernung oder Sperrung der Nutzung von Informationen nach den allgemeinen Gesetzen bleiben hiervon unber\u00fchrt. Eine diesbez\u00fcgliche Haftung ist jedoch erst ab dem\u00a0Zeitpunkt der Kenntnis einer konkreten Rechtsverletzung m\u00f6glich. Bei Bekanntwerden von entsprechenden Rechtsverletzungen werden wir diese Inhalte umgehend entfernen.<\/p>\n<h4>Haftung f\u00fcr Links<\/h4>\n<p>Unser Angebot enth\u00e4lt Links zu externen Websites Dritter, auf deren Inhalte wir keinen Einfluss haben. Deshalb k\u00f6nnen wir f\u00fcr diese fremden Inhalte auch keine Gew\u00e4hr \u00fcbernehmen. F\u00fcr die Inhalte der verlinkten Seiten ist stets der jeweilige Anbieter oder Betreiber der Seiten verantwortlich. Die verlinkten Seiten wurden zum Zeitpunkt der Verlinkung auf m\u00f6gliche Rechtsverst\u00f6\u00dfe \u00fcberpr\u00fcft. Rechtswidrige Inhalte waren zum Zeitpunkt der Verlinkung nicht erkennbar.<\/p>\n<p>Eine permanente inhaltliche Kontrolle der verlinkten Seiten ist jedoch ohne konkrete Anhaltspunkte einer Rechtsverletzung nicht zumutbar. Bei Bekanntwerden von Rechtsverletzungen werden wir derartige Links umgehend entfernen.<\/p>\n<h4>Urheberrecht<\/h4>\n<p>Die durch die Seitenbetreiber erstellten Inhalte und Werke auf diesen Seiten unterliegen dem deutschen Urheberrecht. Die Vervielf\u00e4ltigung, Bearbeitung, Verbreitung und jede Art der Verwertung au\u00dferhalb der Grenzen des Urheberrechtes bed\u00fcrfen der schriftlichen Zustimmung des jeweiligen Autors bzw. Erstellers. Downloads und Kopien dieser Seite sind nur f\u00fcr den privaten, nicht kommerziellen Gebrauch gestattet.<\/p>\n<p>Soweit die Inhalte auf dieser Seite nicht vom Betreiber erstellt wurden, werden die Urheberrechte Dritter beachtet. Insbesondere werden Inhalte Dritter als solche gekennzeichnet. Sollten Sie trotzdem auf eine Urheberrechtsverletzung aufmerksam\u00a0werden, bitten wir um einen entsprechenden Hinweis. Bei Bekanntwerden von Rechtsverletzungen\u00a0werden wir derartige Inhalte umgehend entfernen.<\/p>\n<p>Quelle: <a href=\"https:\/\/www.e-recht24.de\">erecht24.de<\/a><\/p>\n<hr \/>\n<h2>Datenschutzerkl\u00e4rung<\/h2>\n<h4>Grundlegendes<\/h4>\n<p>Diese Datenschutzerkl\u00e4rung soll die Nutzer dieser Website \u00fcber die Art, den Umfang und den Zweck der Erhebung und Verwendung personenbezogener Daten durch den Websitebetreiber<\/p>\n<p>Sch\u00fctzenverein\u00a0Lengerich-Dorf e.V.<\/p>\n<p>Vorsitzender: Ralph Stassen<br \/>\nKirchstrasse 20<br \/>\n49838 Lengerich<\/p>\n<p>informieren. Der Websitebetreiber nimmt Ihren Datenschutz sehr ernst und behandelt Ihre personenbezogenen Daten vertraulich und entsprechend der gesetzlichen Vorschriften. Da durch neue Technologien und die st\u00e4ndige Weiterentwicklung dieser Webseite \u00c4nderungen an dieser Datenschutzerkl\u00e4rung vorgenommen werden k\u00f6nnen, empfehlen wir Ihnen sich die Datenschutzerkl\u00e4rung in regelm\u00e4\u00dfigen Abst\u00e4nden wieder durchzulesen. Definitionen der verwendeten Begriffe (z.B. \u201cpersonenbezogene Daten\u201d oder \u201cVerarbeitung\u201d) finden Sie in Art. 4 DSGVO.<\/p>\n<h4>Zugriffsdaten<\/h4>\n<p>Wir, der Websitebetreiber bzw. Seitenprovider, erheben aufgrund unseres berechtigten Interesses (s. Art. 6 Abs. 1 lit. f. DSGVO) Daten \u00fcber Zugriffe auf die Website und speichern diese als \u201eServer-Logfiles\u201c auf dem Server der Website ab. Folgende Daten werden so protokolliert:<\/p>\n<ul>\n<li>Besuchte Website<\/li>\n<li>Uhrzeit zum Zeitpunkt des Zugriffes<\/li>\n<li>Menge der gesendeten Daten in Byte<\/li>\n<li>Quelle\/Verweis, von welchem Sie auf die Seite gelangten<\/li>\n<li>Verwendeter Browser<\/li>\n<li>Verwendetes Betriebssystem<\/li>\n<li>Verwendete IP-Adresse<\/li>\n<\/ul>\n<p>Die Server-Logfiles werden f\u00fcr maximal 7 Tage gespeichert und anschlie\u00dfend gel\u00f6scht. Die Speicherung der Daten erfolgt aus Sicherheitsgr\u00fcnden, um z. B. Missbrauchsf\u00e4lle aufkl\u00e4ren zu k\u00f6nnen. M\u00fcssen Daten aus Beweisgr\u00fcnden aufgehoben werden, sind sie solange von der L\u00f6schung ausgenommen bis der Vorfall endg\u00fcltig gekl\u00e4rt ist.<\/p>\n<h4>Reichweitenmessung &amp; Cookies<\/h4>\n<p>Diese Website verwendet Cookies zur pseudonymisierten Reichweitenmessung, die entweder von unserem Server oder dem Server Dritter an den Browser des Nutzers \u00fcbertragen werden. Bei Cookies handelt es sich um kleine Dateien, welche auf Ihrem Endger\u00e4t gespeichert werden. Ihr Browser greift auf diese Dateien zu. Durch den Einsatz von Cookies erh\u00f6ht sich die Benutzerfreundlichkeit und Sicherheit dieser Website.<\/p>\n<p>Falls Sie nicht m\u00f6chten, dass Cookies zur Reichweitenmessung auf Ihrem Endger\u00e4t gespeichert werden, k\u00f6nnen Sie dem Einsatz dieser Dateien hier widersprechen:<\/p>\n<ul>\n<li>Cookie-Deaktivierungsseite der Netzwerkwerbeinitiative: <u><a href=\"http:\/\/optout.networkadvertising.org\/?c=1#!\/\">http:\/\/optout.networkadvertising.org\/?c=1#!\/<\/a><\/u><\/li>\n<li>Cookie-Deaktivierungsseite der US-amerikanischen Website: <u><a href=\"http:\/\/optout.aboutads.info\/?c=2#!\/\">http:\/\/optout.aboutads.info\/?c=2#!\/<\/a><\/u><\/li>\n<li>Cookie-Deaktivierungsseite der europ\u00e4ischen Website: <u><a href=\"http:\/\/optout.networkadvertising.org\/?c=1#!\/\">http:\/\/optout.networkadvertising.org\/?c=1#!\/<\/a><\/u><\/li>\n<\/ul>\n<p>G\u00e4ngige Browser bieten die Einstellungsoption, Cookies nicht zuzulassen. Hinweis: Es ist nicht gew\u00e4hrleistet, dass Sie auf alle Funktionen dieser Website ohne Einschr\u00e4nkungen zugreifen k\u00f6nnen, wenn Sie entsprechende Einstellungen vornehmen.<\/p>\n<h4>Statistik-Plugin \u201eCount per Day\u201c<\/h4>\n<p>Diese Website nutzt das Statistik-Plugin \u201eCount per Day\u201c. Dieses Tool speichert sogenannte \u201eCookies\u201c auf Ihrem Computer. Die durch den Cookie erzeugten Daten werden anonymisiert an einen Server von Count per Day in den USA \u00fcbermittelt und erm\u00f6glichen eine Auswertung Ihre Nutzung dieser Website. Dabei sind die Daten allerdings in einer solchen Weise anonymisiert, dass diese nicht mehr einem bestimmten Anschluss zuzuordnen sind. M\u00f6glicherweise werden Daten durch Count per Day an Dritte \u00fcbertragen, falls eine Verarbeitung der Daten durch Dritte geschieht oder auch sofern dies gesetzlich vorgeschrieben ist. Auszuschlie\u00dfen ist, dass Daten von Count per Day mit Ihrer IP-Adresse in Verbindung gebracht wird.<br \/>\nBitte beachten Sie, dass Sie die Installation von Cookies durch entsprechende Einstellungen in Ihrem Webbrowser unterbinden k\u00f6nnen.<br \/>\nM\u00f6chten Sie der Auswertung und Erhebung durch das beschriebene Tool widersprechen, so teilen Sie und\u00a0dies bitte mit.<br \/>\nIn dem Sie diese Webseite nutzen und keinen Widerspruch leisten, erkl\u00e4ren Sie sich mit Verarbeitung der erhobenen Daten durch Count per Day einverstanden.<\/p>\n<h4>Umgang mit Kontaktdaten<\/h4>\n<p>Nehmen Sie mit uns als Websitebetreiber durch die angebotenen Kontaktm\u00f6glichkeiten Verbindung auf, werden Ihre Angaben gespeichert, damit auf diese zur Bearbeitung und Beantwortung Ihrer Anfrage zur\u00fcckgegriffen werden kann. Ohne Ihre Einwilligung werden diese Daten nicht an Dritte weitergegeben.<\/p>\n<h4>Umgang mit Kommentaren und Beitr\u00e4gen<\/h4>\n<p>Hinterlassen Sie auf dieser Website einen Beitrag oder Kommentar, wird Ihre IP-Adresse gespeichert. Dies erfolgt aufgrund unserer berechtigten Interessen im Sinne des Art. 6 Abs. 1 lit. f. DSGVO und dient der Sicherheit von uns als Websitebetreiber: Denn sollte Ihr Kommentar gegen geltendes Recht versto\u00dfen, k\u00f6nnen wir daf\u00fcr belangt werden, weshalb wir ein Interesse an der Identit\u00e4t des Kommentar- bzw. Beitragsautors haben.<\/p>\n<h4>Rechte des Nutzers<\/h4>\n<p>Sie haben als Nutzer das Recht, auf Antrag eine kostenlose Auskunft dar\u00fcber zu erhalten, welche personenbezogenen Daten \u00fcber Sie gespeichert wurden. Sie haben au\u00dferdem das Recht auf Berichtigung falscher Daten und auf die Verarbeitungseinschr\u00e4nkung oder L\u00f6schung Ihrer personenbezogenen Daten. Falls zutreffend, k\u00f6nnen Sie auch Ihr Recht auf Datenportabilit\u00e4t geltend machen. Sollten Sie annehmen, dass Ihre Daten unrechtm\u00e4\u00dfig verarbeitet wurden, k\u00f6nnen Sie eine Beschwerde bei der zust\u00e4ndigen Aufsichtsbeh\u00f6rde einreichen.<\/p>\n<h4>L\u00f6schung von Daten<\/h4>\n<p>Sofern Ihr Wunsch nicht mit einer gesetzlichen Pflicht zur Aufbewahrung von Daten (z. B. Vorratsdatenspeicherung) kollidiert, haben Sie ein Anrecht auf L\u00f6schung Ihrer Daten. Von uns gespeicherte Daten werden, sollten sie f\u00fcr ihre Zweckbestimmung nicht mehr vonn\u00f6ten sein und es keine gesetzlichen Aufbewahrungsfristen geben, gel\u00f6scht. Falls eine L\u00f6schung nicht durchgef\u00fchrt werden kann, da die Daten f\u00fcr zul\u00e4ssige gesetzliche Zwecke erforderlich sind, erfolgt eine Einschr\u00e4nkung der Datenverarbeitung. In diesem Fall werden die Daten gesperrt und nicht f\u00fcr andere Zwecke verarbeitet.<\/p>\n<h4>Widerspruchsrecht<\/h4>\n<p>Nutzer dieser Webseite k\u00f6nnen von ihrem Widerspruchsrecht Gebrauch machen und der Verarbeitung ihrer personenbezogenen Daten zu jeder Zeit widersprechen. Wenn Sie eine Berichtigung, Sperrung, L\u00f6schung oder Auskunft \u00fcber die zu Ihrer Person gespeicherten personenbezogenen Daten w\u00fcnschen oder Fragen bzgl. der Erhebung, Verarbeitung oder Verwendung Ihrer personenbezogenen Daten haben oder erteilte Einwilligungen widerrufen m\u00f6chten, wenden Sie sich bitte an folgende E-Mail-Adresse: <a href=\"mailto:vorstand@horrido.info\">vorstand@horrido.info<\/a><\/p>\n<hr \/>\n<h2>Weitere Hinweise und Richtlinien\u00a0des Sch\u00fctzenvereins Lengerich Dorf e.V. in Bezug auf die Datenschutz-Grundverordnung (DSGVO)<\/h2>\n<ul>\n<li>Verantwortlich f\u00fcr die Einhaltung s\u00e4mtlicher datenschutzrelevanter Vorg\u00e4nge im Sch\u00fctzenverein Lengerich Dorf e.V. ist der Vorstand. Insbesondere werden im Zuge des Inkrafttretens der DSGVO zum 25.05.2018 die bisherigen Prozesse im Zusammenhang mit der Verarbeitung von personenbezogenen Daten innerhalb des Vereins einer dementsprechenden Pr\u00fcfung unterzogen und angepasst.<\/li>\n<\/ul>\n<ul>\n<li>In der Regel sind im Sch\u00fctzenverein Lengerich Dorf weniger als zehn Personen st\u00e4ndig mit der Verarbeitung personenbezogener Daten besch\u00e4ftigt (\u00a7 38 Absatz 1 Satz 1 BDSG-neu \/ Vorstand einschl. Beisitzer = 4\u00a0Personen), sodass neben dem verantwortlichen Vorstand kein Datenschutzbeauftragter berufen wird.<\/li>\n<\/ul>\n<ul>\n<li>Die ehrenamtlichen Vorstandsmitglieder und \u2013beisitzer verpflichten sich schriftlich zum Datengeheimnis.<\/li>\n<\/ul>\n<ul>\n<li>F\u00fcr folgende Zwecke werden im Sch\u00fctzenverein Lengerich Dorf e.V. unter Einsatz von Datenverarbeitungsprogrammen pers\u00f6nliche Daten erhoben und verwaltet, zu welchen die Einwilligung gegen\u00fcber dem Vorstand durch die Vereinsmitgliedschaft erkl\u00e4rt wird:\n<ul>\n<li>Mitgliederverwaltung: Name, Anschrift, Geburtsdatum, Telefonnummer, Bankverbindung, Funktionen im Verein, Eintrittsdatum, Daten \u00fcber erhaltene Ehrungen (insb. Mitgliedschaft im Offizierkorps, (Vize-)K\u00f6nige und deren (Thron-)Begleitungen, Sieger von Preis- und Plakettenschie\u00dfen).<\/li>\n<li>Prozesse im Sinne der Vereinsziele: Daten \u00fcber (Gesch\u00e4fts-)Partner zur Durchf\u00fchrung von Festen und Veranstaltungen, von Schie\u00dfwettbewerben, Tombolas, Arbeitseins\u00e4tzen, zur Traditionspflege sowie zur Erstellung von Vereinschroniken.<\/li>\n<\/ul>\n<\/li>\n<\/ul>\n<ul>\n<li>Die seitens des Vorstandes m\u00f6glichst aktuell und\u00a0in einem geringen Umfang gehaltenen pers\u00f6nlichen Datenbest\u00e4nde unterliegen im Hinblick auf Zugangskontrollen und Nutzung organisatorischen und technischen Sicherheitsvorkehrungen.\n<ul>\n<li>Nur den unmittelbar f\u00fcr einen bestimmten Zweck verantwortlichen Vorstandsmitgliedern (Bsp.: Kassenwart \u2013 Bankverbindung) liegen die relevanten Datenbest\u00e4nde vor.<\/li>\n<li>Diese Daten werden unter Verschluss bzw. Passwortschutz archiviert.<\/li>\n<li>Veraltete Datenbest\u00e4nde werden unter Wahrung etwaiger Verwahrungsfristen gel\u00f6scht bzw. fachgerecht vernichtet.<\/li>\n<\/ul>\n<\/li>\n<\/ul>\n<ul>\n<li>Im Zusammenhang mit den Vereinszielen sowie den sonstigen satzungsgem\u00e4\u00dfen Veranstaltungen ver\u00f6ffentlicht der Verein personenbezogene Daten und Fotos seiner Mitglieder sowie nach entsprechenden Vereinbarungen auch\u00a0beteiligten Angeh\u00f6rigen seiner Mitglieder\u00a0auf seiner Homepage und \u00fcbermittelt Daten und Fotos zur Ver\u00f6ffentlichung an Print-, Tele- sowie elektronischen Medien. Dies betrifft insbesondere Teilnehmer- und Siegerlisten.<\/li>\n<\/ul>\n<ul>\n<li>Die Ver\u00f6ffentlichung \/ \u00dcbermittlung von Daten beschr\u00e4nkt sich hierbei auf jene Daten,\u00a0welche zur Organisation des Vereins und des Sportbetriebes\u00a0obligatorisch sind. Hierzu geh\u00f6ren regelm\u00e4\u00dfig die oben genannten Informationen. Der Verein informiert das Mitglied rechtzeitig \u00fcber eine beabsichtigte Ver\u00f6ffentlichung und teilt hierbei auch mit, bis zu welchem Zeitpunkt ein Widerspruch erfolgen kann.<\/li>\n<\/ul>\n<ul>\n<li>Ein Mitglied kann jederzeit gegen\u00fcber dem Vorstand der Ver\u00f6ffentlichung von Einzelfotos seiner Person widersprechen.<\/li>\n<\/ul>\n<ul>\n<li>Jedes Mitglied hat im Rahmen der gesetzlichen Vorschriften des Bundesdatenschutzgesetzes (insbesondere \u00a7\u00a7 34, 35) das Recht auf Auskunft \u00fcber die zu seiner Person gespeicherten Daten, deren Empf\u00e4nger und den Zweck der Speicherung sowie auf Berichtigung, L\u00f6schung oder Sperrung seiner Daten.<\/li>\n<\/ul>\n<p><em>Stand: 18.05.2018<\/em><\/p>\n<p>Sollten Sie weitere Fragen zum Datenschutz und zum Umgang mit Ihren Daten im Sch\u00fctzenverein Lengerich Dorf e.V. haben, sprechen Sie gerne jederzeit den Vorstand an. Ihre Anregungen, Hinweise und konkrete W\u00fcnsche zum Umgang mit Ihren pers\u00f6nlichen Daten nehmen wir \u00fcber unser <a href=\"http:\/\/horrido.info\/?page_id=3402\">Kontaktformular<\/a> entgegen.<\/p>\n","protected":false},"excerpt":{"rendered":"<p>Impressum Angaben gem\u00e4\u00df \u00a7 5 TMG: Sch\u00fctzenverein\u00a0Lengerich-Dorf e.V. Kirchstrasse 20 49838 Lengerich Vertreten durch: Vorsitzender:\u00a0 Ralph Stassen Kontakt: Telefon:\u00a0 0171\/7212443 E-Mail:\u00a0 vorstand@horrido.info Registereintrag: Eintragung im Vereinsregister. Registergericht:\u00a0 Amtsgericht Osnabr\u00fcck Registernummer:\u00a0 VR 100242 Verantwortlich f\u00fcr den Inhalt nach \u00a7 55 Abs.<\/p>\n","protected":false},"author":1,"featured_media":0,"parent":0,"menu_order":0,"comment_status":"closed","ping_status":"closed","template":"","meta":{"footnotes":""},"class_list":["post-4963","page","type-page","status-publish","hentry"],"_links":{"self":[{"href":"https:\/\/horrido.info\/index.php?rest_route=\/wp\/v2\/pages\/4963","targetHints":{"allow":["GET"]}}],"collection":[{"href":"https:\/\/horrido.info\/index.php?rest_route=\/wp\/v2\/pages"}],"about":[{"href":"https:\/\/horrido.info\/index.php?rest_route=\/wp\/v2\/types\/page"}],"author":[{"embeddable":true,"href":"https:\/\/horrido.info\/index.php?rest_route=\/wp\/v2\/users\/1"}],"replies":[{"embeddable":true,"href":"https:\/\/horrido.info\/index.php?rest_route=%2Fwp%2Fv2%2Fcomments&post=4963"}],"version-history":[{"count":23,"href":"https:\/\/horrido.info\/index.php?rest_route=\/wp\/v2\/pages\/4963\/revisions"}],"predecessor-version":[{"id":10066,"href":"https:\/\/horrido.info\/index.php?rest_route=\/wp\/v2\/pages\/4963\/revisions\/10066"}],"wp:attachment":[{"href":"https:\/\/horrido.info\/index.php?rest_route=%2Fwp%2Fv2%2Fmedia&parent=4963"}],"curies":[{"name":"wp","href":"https:\/\/api.w.org\/{rel}","templated":true}]}}