{"id":57,"date":"2016-05-17T09:42:39","date_gmt":"2016-05-17T09:42:39","guid":{"rendered":"http:\/\/horrido.info\/?page_id=57"},"modified":"2026-04-22T19:55:47","modified_gmt":"2026-04-22T19:55:47","slug":"offiziere-funktioner","status":"publish","type":"page","link":"https:\/\/horrido.info\/?page_id=57","title":{"rendered":"Offiziere &#038; Funktioner"},"content":{"rendered":"<div align=\"center\">\n<p style=\"text-align: left;\">Auf dieser Seite werden alle Vorstandsmitglieder und Offiziere vorgestellt. Der Vorstand und der Kommandeur wurden am 17. Januar 2026 auf der Generalversammlung gew\u00e4hlt. Die Offiziere wurden in diesem Jahr auf der &#8222;Osterversammlung&#8220; am 11. April 2026 durch die dort anwesenden Sch\u00fctzenbr\u00fcder ernannt und gew\u00e4hlt.<\/p>\n<figure id=\"attachment_10072\" aria-describedby=\"caption-attachment-10072\" style=\"width: 500px\" class=\"wp-caption alignnone\"><a href=\"https:\/\/horrido.info\/wp-content\/uploads\/2026\/04\/Funktioner2026.jpg\" rel=\"lightbox[57]\"><img loading=\"lazy\" decoding=\"async\" class=\"wp-image-10072 size-medium\" title=\"Offiziere und Funktioner 2019\" src=\"https:\/\/horrido.info\/wp-content\/uploads\/2026\/04\/Funktioner2026-500x375.jpg\" alt=\"\" width=\"500\" height=\"375\" srcset=\"https:\/\/horrido.info\/wp-content\/uploads\/2026\/04\/Funktioner2026-500x375.jpg 500w, https:\/\/horrido.info\/wp-content\/uploads\/2026\/04\/Funktioner2026.jpg 1399w\" sizes=\"auto, (max-width: 500px) 100vw, 500px\" \/><\/a><figcaption id=\"caption-attachment-10072\" class=\"wp-caption-text\">Offiziere und Funktioner 2026<\/figcaption><\/figure>\n<\/div>\n<hr \/>\n<h1 style=\"text-align: center;\">Vorstand<\/h1>\n<table>\n<tbody>\n<tr>\n<td width=\"170\"><strong><img loading=\"lazy\" decoding=\"async\" class=\"alignnone wp-image-6137\" title=\"1. Vorsitzender (Pr\u00e4sident): Ralph Stassen\" src=\"http:\/\/horrido.info\/wp-content\/uploads\/2019\/07\/Ralph-330x500.jpg\" alt=\"\" width=\"166\" height=\"252\" srcset=\"https:\/\/horrido.info\/wp-content\/uploads\/2019\/07\/Ralph-330x500.jpg 330w, https:\/\/horrido.info\/wp-content\/uploads\/2019\/07\/Ralph.jpg 600w\" sizes=\"auto, (max-width: 166px) 100vw, 166px\" \/><\/strong><\/td>\n<td width=\"151\"><strong>1. Vorsitzender (Pr\u00e4sident):<\/strong><br \/>\nRalph Stassen<\/td>\n<\/tr>\n<tr>\n<td width=\"170\"><img loading=\"lazy\" decoding=\"async\" class=\"alignnone wp-image-7302 \" title=\"2. Vorsitzender: Steffen Weltring\" src=\"https:\/\/horrido.info\/wp-content\/uploads\/2024\/04\/DSC_0318a-389x500.jpg\" alt=\"\" width=\"170\" height=\"219\" srcset=\"https:\/\/horrido.info\/wp-content\/uploads\/2024\/04\/DSC_0318a-389x500.jpg 389w, https:\/\/horrido.info\/wp-content\/uploads\/2024\/04\/DSC_0318a.jpg 871w\" sizes=\"auto, (max-width: 170px) 100vw, 170px\" \/><\/td>\n<td width=\"151\"><strong>2. Vorsitzender:<\/strong><br \/>\nSteffen Weltring<\/td>\n<\/tr>\n<tr>\n<td width=\"170\"><img loading=\"lazy\" decoding=\"async\" class=\"alignnone wp-image-7294 \" title=\"Kassierer: Fritz Fredrowitz\" src=\"https:\/\/horrido.info\/wp-content\/uploads\/2024\/04\/DSC_0299a-389x500.jpg\" alt=\"\" width=\"170\" height=\"219\" srcset=\"https:\/\/horrido.info\/wp-content\/uploads\/2024\/04\/DSC_0299a-389x500.jpg 389w, https:\/\/horrido.info\/wp-content\/uploads\/2024\/04\/DSC_0299a.jpg 731w\" sizes=\"auto, (max-width: 170px) 100vw, 170px\" \/><\/td>\n<td width=\"151\"><strong>Kassierer:<\/strong><br \/>\nFritz Sander<\/td>\n<\/tr>\n<tr>\n<td width=\"170\">Bild folgt<\/td>\n<td width=\"151\"><strong>Schriftf\u00fchrer:<\/strong><br \/>\nSven Weltring<\/td>\n<\/tr>\n<\/tbody>\n<\/table>\n<hr \/>\n<h1 style=\"text-align: center;\">Ehrenvorstand<\/h1>\n<table>\n<tbody>\n<tr>\n<td width=\"170\"><img loading=\"lazy\" decoding=\"async\" class=\"alignnone wp-image-2840\" title=\"Ehrenpr\u00e4sident: Peter Gerdes\" src=\"http:\/\/horrido.info\/wp-content\/uploads\/2016\/05\/Peter.jpg\" alt=\"\" width=\"166\" height=\"219\" \/><\/td>\n<td width=\"151\"><strong>Ehrenpr\u00e4sident:<\/strong><br \/>\nPeter Gerdes<\/td>\n<\/tr>\n<tr>\n<td width=\"170\"><img loading=\"lazy\" decoding=\"async\" class=\"alignnone wp-image-2842\" title=\"Ehrenvorstand - ZBV: Heinz Schmidt\" src=\"http:\/\/horrido.info\/wp-content\/uploads\/2016\/05\/SchmidtH.jpg\" alt=\"\" width=\"166\" height=\"219\" \/><\/td>\n<td width=\"151\"><strong>ZBV:<\/strong><br \/>\nHeinz Schmidt<\/td>\n<\/tr>\n<tr>\n<td width=\"170\"><img loading=\"lazy\" decoding=\"async\" class=\"alignnone wp-image-2841\" title=\"Ehrenvorstand - ZBV: Karl-Heinz Peters\" src=\"http:\/\/horrido.info\/wp-content\/uploads\/2016\/05\/Kalli.jpg\" alt=\"\" width=\"166\" height=\"219\" \/><\/td>\n<td width=\"151\"><strong>ZBV:<\/strong><br \/>\nKarl-Heinz Peters<\/td>\n<\/tr>\n<\/tbody>\n<\/table>\n<hr \/>\n<h1 style=\"text-align: center;\">Offiziere<\/h1>\n<table>\n<tbody>\n<tr>\n<td colspan=\"2\" width=\"280\"><img loading=\"lazy\" decoding=\"async\" class=\"alignnone wp-image-7602 \" title=\"Kommandeur: Sven Weltring\" src=\"https:\/\/horrido.info\/wp-content\/uploads\/2025\/01\/Kommandeur-299x500.jpg\" alt=\"\" width=\"220\" height=\"367\" srcset=\"https:\/\/horrido.info\/wp-content\/uploads\/2025\/01\/Kommandeur-299x500.jpg 299w, https:\/\/horrido.info\/wp-content\/uploads\/2025\/01\/Kommandeur-919x1536.jpg 919w, https:\/\/horrido.info\/wp-content\/uploads\/2025\/01\/Kommandeur-1225x2048.jpg 1225w, https:\/\/horrido.info\/wp-content\/uploads\/2025\/01\/Kommandeur-scaled.jpg 1531w\" sizes=\"auto, (max-width: 220px) 100vw, 220px\" \/><\/td>\n<td style=\"text-align: left;\" colspan=\"2\"><strong>Kommandeur:<\/strong><br \/>\nSimon Sch\u00e4fer<\/td>\n<\/tr>\n<tr>\n<td><img loading=\"lazy\" decoding=\"async\" class=\"alignnone wp-image-7297 \" title=\"1. Adjutant: Christoph Thediek\" src=\"https:\/\/horrido.info\/wp-content\/uploads\/2024\/04\/DSC_0307-333x500.jpg\" alt=\"\" width=\"200\" height=\"300\" srcset=\"https:\/\/horrido.info\/wp-content\/uploads\/2024\/04\/DSC_0307-333x500.jpg 333w, https:\/\/horrido.info\/wp-content\/uploads\/2024\/04\/DSC_0307-1024x1536.jpg 1024w, https:\/\/horrido.info\/wp-content\/uploads\/2024\/04\/DSC_0307-1365x2048.jpg 1365w, https:\/\/horrido.info\/wp-content\/uploads\/2024\/04\/DSC_0307-scaled.jpg 1707w\" sizes=\"auto, (max-width: 200px) 100vw, 200px\" \/><\/td>\n<td><strong>1. Adjutant:<\/strong><br \/>\nChristoph Thediek<\/td>\n<td><img loading=\"lazy\" decoding=\"async\" class=\"alignnone wp-image-7305 \" title=\"2. Adjutant: Steffen Thediek\" src=\"https:\/\/horrido.info\/wp-content\/uploads\/2024\/04\/DSC_0328-333x500.jpg\" alt=\"\" width=\"200\" height=\"300\" srcset=\"https:\/\/horrido.info\/wp-content\/uploads\/2024\/04\/DSC_0328-333x500.jpg 333w, https:\/\/horrido.info\/wp-content\/uploads\/2024\/04\/DSC_0328-1024x1536.jpg 1024w, https:\/\/horrido.info\/wp-content\/uploads\/2024\/04\/DSC_0328-1365x2048.jpg 1365w, https:\/\/horrido.info\/wp-content\/uploads\/2024\/04\/DSC_0328-scaled.jpg 1706w\" sizes=\"auto, (max-width: 200px) 100vw, 200px\" \/><\/td>\n<td><strong>2. Adjutant:<\/strong><br \/>\nSteffen Thediek<\/td>\n<\/tr>\n<tr>\n<td><img loading=\"lazy\" decoding=\"async\" class=\"alignnone wp-image-7311 \" title=\"1. Offizier: Simon Sch\u00e4fer\" src=\"https:\/\/horrido.info\/wp-content\/uploads\/2024\/04\/DSC_0337-333x500.jpg\" alt=\"\" width=\"200\" height=\"300\" srcset=\"https:\/\/horrido.info\/wp-content\/uploads\/2024\/04\/DSC_0337-333x500.jpg 333w, https:\/\/horrido.info\/wp-content\/uploads\/2024\/04\/DSC_0337-1024x1536.jpg 1024w, https:\/\/horrido.info\/wp-content\/uploads\/2024\/04\/DSC_0337-1365x2048.jpg 1365w, https:\/\/horrido.info\/wp-content\/uploads\/2024\/04\/DSC_0337-scaled.jpg 1707w\" sizes=\"auto, (max-width: 200px) 100vw, 200px\" \/><\/td>\n<td><strong>1. Offizier:<\/strong><br \/>\nSebastian Stoll<\/td>\n<td><img loading=\"lazy\" decoding=\"async\" class=\"alignnone wp-image-7315 \" title=\"2. Offizier: Sebastian Stoll\" src=\"https:\/\/horrido.info\/wp-content\/uploads\/2024\/04\/DSC_0347-333x500.jpg\" alt=\"\" width=\"200\" height=\"300\" srcset=\"https:\/\/horrido.info\/wp-content\/uploads\/2024\/04\/DSC_0347-333x500.jpg 333w, https:\/\/horrido.info\/wp-content\/uploads\/2024\/04\/DSC_0347-1024x1536.jpg 1024w, https:\/\/horrido.info\/wp-content\/uploads\/2024\/04\/DSC_0347-1365x2048.jpg 1365w, https:\/\/horrido.info\/wp-content\/uploads\/2024\/04\/DSC_0347-scaled.jpg 1707w\" sizes=\"auto, (max-width: 200px) 100vw, 200px\" \/><\/td>\n<td><strong>2. Offizier:<\/strong><br \/>\nPatrick Hubelitz<\/td>\n<\/tr>\n<tr>\n<td><img loading=\"lazy\" decoding=\"async\" class=\"alignnone wp-image-7285 \" title=\"3. Offizier: Patrick Hubelitz\" src=\"https:\/\/horrido.info\/wp-content\/uploads\/2024\/04\/DSC_0285-333x500.jpg\" alt=\"\" width=\"200\" height=\"300\" srcset=\"https:\/\/horrido.info\/wp-content\/uploads\/2024\/04\/DSC_0285-333x500.jpg 333w, https:\/\/horrido.info\/wp-content\/uploads\/2024\/04\/DSC_0285-1024x1536.jpg 1024w, https:\/\/horrido.info\/wp-content\/uploads\/2024\/04\/DSC_0285-1365x2048.jpg 1365w, https:\/\/horrido.info\/wp-content\/uploads\/2024\/04\/DSC_0285-scaled.jpg 1707w\" sizes=\"auto, (max-width: 200px) 100vw, 200px\" \/><\/td>\n<td><strong>3. Offizier:<\/strong><br \/>\nTizian Knue<\/td>\n<\/tr>\n<tr>\n<td>Bild folgt<\/td>\n<td><strong>Fahnenoffizier:<\/strong><br \/>\nJohannes Gerdes<\/td>\n<td>Bild folgt<\/td>\n<td><strong>F\u00e4hnrich:<br \/>\n<\/strong> Jan-Mathis H\u00f6ving<\/td>\n<\/tr>\n<tr>\n<td>Bild folgt<\/td>\n<td><strong>Waffenoffizier:<\/strong><br \/>\nMaik Merscher<\/td>\n<td><img loading=\"lazy\" decoding=\"async\" class=\"alignnone  wp-image-7304\" src=\"https:\/\/horrido.info\/wp-content\/uploads\/2024\/04\/DSC_0323a-389x500.jpg\" alt=\"\" width=\"160\" height=\"205\" srcset=\"https:\/\/horrido.info\/wp-content\/uploads\/2024\/04\/DSC_0323a-389x500.jpg 389w, https:\/\/horrido.info\/wp-content\/uploads\/2024\/04\/DSC_0323a.jpg 796w\" sizes=\"auto, (max-width: 160px) 100vw, 160px\" \/><\/td>\n<td><strong>Waffenoffizier:<\/strong><br \/>\nMarkus Breckweg<\/td>\n<\/tr>\n<tr>\n<td>Bild folgt<\/td>\n<td><strong>Waffenoffizier:<\/strong><br \/>\nLudger Stoll<\/td>\n<td>Bild folgt<\/td>\n<td><strong>Waffenoffizier:<\/strong><br \/>\nMarcel K\u00fcterlucks<\/td>\n<\/tr>\n<tr>\n<td>Bild folgt<\/td>\n<td><strong>ZBV:<\/strong><br \/>\nJonas Landwehr<\/td>\n<td>Bild folgt<\/td>\n<td><strong>ZBV:<\/strong><br \/>\nJan We\u00dfling<\/td>\n<\/tr>\n<tr>\n<td><img loading=\"lazy\" decoding=\"async\" class=\"alignnone  wp-image-7290\" src=\"https:\/\/horrido.info\/wp-content\/uploads\/2024\/04\/DSC_0292a-389x500.jpg\" alt=\"\" width=\"160\" height=\"206\" srcset=\"https:\/\/horrido.info\/wp-content\/uploads\/2024\/04\/DSC_0292a-389x500.jpg 389w, https:\/\/horrido.info\/wp-content\/uploads\/2024\/04\/DSC_0292a.jpg 815w\" sizes=\"auto, (max-width: 160px) 100vw, 160px\" \/><\/td>\n<td><strong>ZBV:<\/strong><br \/>\nJannis Rumpke<\/td>\n<td>Bild folgt<\/td>\n<td><strong>ZBV:<br \/>\n<\/strong>Pascal Overberg<\/td>\n<\/tr>\n<\/tbody>\n<\/table>\n","protected":false},"excerpt":{"rendered":"<p>Auf dieser Seite werden alle Vorstandsmitglieder und Offiziere vorgestellt. Der Vorstand und der Kommandeur wurden am 17. Januar 2026 auf der Generalversammlung gew\u00e4hlt. Die Offiziere wurden in diesem Jahr auf der &#8222;Osterversammlung&#8220; am 11. April 2026 durch die dort anwesenden<\/p>\n","protected":false},"author":1,"featured_media":0,"parent":0,"menu_order":0,"comment_status":"closed","ping_status":"closed","template":"","meta":{"footnotes":""},"class_list":["post-57","page","type-page","status-publish","hentry"],"_links":{"self":[{"href":"https:\/\/horrido.info\/index.php?rest_route=\/wp\/v2\/pages\/57","targetHints":{"allow":["GET"]}}],"collection":[{"href":"https:\/\/horrido.info\/index.php?rest_route=\/wp\/v2\/pages"}],"about":[{"href":"https:\/\/horrido.info\/index.php?rest_route=\/wp\/v2\/types\/page"}],"author":[{"embeddable":true,"href":"https:\/\/horrido.info\/index.php?rest_route=\/wp\/v2\/users\/1"}],"replies":[{"embeddable":true,"href":"https:\/\/horrido.info\/index.php?rest_route=%2Fwp%2Fv2%2Fcomments&post=57"}],"version-history":[{"count":61,"href":"https:\/\/horrido.info\/index.php?rest_route=\/wp\/v2\/pages\/57\/revisions"}],"predecessor-version":[{"id":10086,"href":"https:\/\/horrido.info\/index.php?rest_route=\/wp\/v2\/pages\/57\/revisions\/10086"}],"wp:attachment":[{"href":"https:\/\/horrido.info\/index.php?rest_route=%2Fwp%2Fv2%2Fmedia&parent=57"}],"curies":[{"name":"wp","href":"https:\/\/api.w.org\/{rel}","templated":true}]}}

<div align="center">
<p style="text-align: left;">Auf dieser Seite werden alle Vorstandsmitglieder und Offiziere vorgestellt. Der Vorstand und der Kommandeur wurden am 17. Januar 2026 auf der Generalversammlung gewählt. Die Offiziere wurden in diesem Jahr auf der &#8222;Osterversammlung&#8220; am 11. April 2026 durch die dort anwesenden Schützenbrüder ernannt und gewählt.</p>
<figure id="attachment_10072" aria-describedby="caption-attachment-10072" style="width: 500px" class="wp-caption alignnone"><a href="https://horrido.info/wp-content/uploads/2026/04/Funktioner2026.jpg" rel="lightbox[57]"><img loading="lazy" decoding="async" class="wp-image-10072 size-medium" title="Offiziere und Funktioner 2019" src="https://horrido.info/wp-content/uploads/2026/04/Funktioner2026-500x375.jpg" alt="" width="500" height="375" srcset="https://horrido.info/wp-content/uploads/2026/04/Funktioner2026-500x375.jpg 500w, https://horrido.info/wp-content/uploads/2026/04/Funktioner2026.jpg 1399w" sizes="auto, (max-width: 500px) 100vw, 500px" /></a><figcaption id="caption-attachment-10072" class="wp-caption-text">Offiziere und Funktioner 2026</figcaption></figure>
</div>
<hr />
<h1 style="text-align: center;">Vorstand</h1>
<table>
<tbody>
<tr>
<td width="170"><strong><img loading="lazy" decoding="async" class="alignnone wp-image-6137" title="1. Vorsitzender (Präsident): Ralph Stassen" src="http://horrido.info/wp-content/uploads/2019/07/Ralph-330x500.jpg" alt="" width="166" height="252" srcset="https://horrido.info/wp-content/uploads/2019/07/Ralph-330x500.jpg 330w, https://horrido.info/wp-content/uploads/2019/07/Ralph.jpg 600w" sizes="auto, (max-width: 166px) 100vw, 166px" /></strong></td>
<td width="151"><strong>1. Vorsitzender (Präsident):</strong><br />
Ralph Stassen</td>
</tr>
<tr>
<td width="170"><img loading="lazy" decoding="async" class="alignnone wp-image-7302 " title="2. Vorsitzender: Steffen Weltring" src="https://horrido.info/wp-content/uploads/2024/04/DSC_0318a-389x500.jpg" alt="" width="170" height="219" srcset="https://horrido.info/wp-content/uploads/2024/04/DSC_0318a-389x500.jpg 389w, https://horrido.info/wp-content/uploads/2024/04/DSC_0318a.jpg 871w" sizes="auto, (max-width: 170px) 100vw, 170px" /></td>
<td width="151"><strong>2. Vorsitzender:</strong><br />
Steffen Weltring</td>
</tr>
<tr>
<td width="170"><img loading="lazy" decoding="async" class="alignnone wp-image-7294 " title="Kassierer: Fritz Fredrowitz" src="https://horrido.info/wp-content/uploads/2024/04/DSC_0299a-389x500.jpg" alt="" width="170" height="219" srcset="https://horrido.info/wp-content/uploads/2024/04/DSC_0299a-389x500.jpg 389w, https://horrido.info/wp-content/uploads/2024/04/DSC_0299a.jpg 731w" sizes="auto, (max-width: 170px) 100vw, 170px" /></td>
<td width="151"><strong>Kassierer:</strong><br />
Fritz Sander</td>
</tr>
<tr>
<td width="170">Bild folgt</td>
<td width="151"><strong>Schriftführer:</strong><br />
Sven Weltring</td>
</tr>
</tbody>
</table>
<hr />
<h1 style="text-align: center;">Ehrenvorstand</h1>
<table>
<tbody>
<tr>
<td width="170"><img loading="lazy" decoding="async" class="alignnone wp-image-2840" title="Ehrenpräsident: Peter Gerdes" src="http://horrido.info/wp-content/uploads/2016/05/Peter.jpg" alt="" width="166" height="219" /></td>
<td width="151"><strong>Ehrenpräsident:</strong><br />
Peter Gerdes</td>
</tr>
<tr>
<td width="170"><img loading="lazy" decoding="async" class="alignnone wp-image-2842" title="Ehrenvorstand - ZBV: Heinz Schmidt" src="http://horrido.info/wp-content/uploads/2016/05/SchmidtH.jpg" alt="" width="166" height="219" /></td>
<td width="151"><strong>ZBV:</strong><br />
Heinz Schmidt</td>
</tr>
<tr>
<td width="170"><img loading="lazy" decoding="async" class="alignnone wp-image-2841" title="Ehrenvorstand - ZBV: Karl-Heinz Peters" src="http://horrido.info/wp-content/uploads/2016/05/Kalli.jpg" alt="" width="166" height="219" /></td>
<td width="151"><strong>ZBV:</strong><br />
Karl-Heinz Peters</td>
</tr>
</tbody>
</table>
<hr />
<h1 style="text-align: center;">Offiziere</h1>
<table>
<tbody>
<tr>
<td colspan="2" width="280"><img loading="lazy" decoding="async" class="alignnone wp-image-7602 " title="Kommandeur: Sven Weltring" src="https://horrido.info/wp-content/uploads/2025/01/Kommandeur-299x500.jpg" alt="" width="220" height="367" srcset="https://horrido.info/wp-content/uploads/2025/01/Kommandeur-299x500.jpg 299w, https://horrido.info/wp-content/uploads/2025/01/Kommandeur-919x1536.jpg 919w, https://horrido.info/wp-content/uploads/2025/01/Kommandeur-1225x2048.jpg 1225w, https://horrido.info/wp-content/uploads/2025/01/Kommandeur-scaled.jpg 1531w" sizes="auto, (max-width: 220px) 100vw, 220px" /></td>
<td style="text-align: left;" colspan="2"><strong>Kommandeur:</strong><br />
Simon Schäfer</td>
</tr>
<tr>
<td><img loading="lazy" decoding="async" class="alignnone wp-image-7297 " title="1. Adjutant: Christoph Thediek" src="https://horrido.info/wp-content/uploads/2024/04/DSC_0307-333x500.jpg" alt="" width="200" height="300" srcset="https://horrido.info/wp-content/uploads/2024/04/DSC_0307-333x500.jpg 333w, https://horrido.info/wp-content/uploads/2024/04/DSC_0307-1024x1536.jpg 1024w, https://horrido.info/wp-content/uploads/2024/04/DSC_0307-1365x2048.jpg 1365w, https://horrido.info/wp-content/uploads/2024/04/DSC_0307-scaled.jpg 1707w" sizes="auto, (max-width: 200px) 100vw, 200px" /></td>
<td><strong>1. Adjutant:</strong><br />
Christoph Thediek</td>
<td><img loading="lazy" decoding="async" class="alignnone wp-image-7305 " title="2. Adjutant: Steffen Thediek" src="https://horrido.info/wp-content/uploads/2024/04/DSC_0328-333x500.jpg" alt="" width="200" height="300" srcset="https://horrido.info/wp-content/uploads/2024/04/DSC_0328-333x500.jpg 333w, https://horrido.info/wp-content/uploads/2024/04/DSC_0328-1024x1536.jpg 1024w, https://horrido.info/wp-content/uploads/2024/04/DSC_0328-1365x2048.jpg 1365w, https://horrido.info/wp-content/uploads/2024/04/DSC_0328-scaled.jpg 1706w" sizes="auto, (max-width: 200px) 100vw, 200px" /></td>
<td><strong>2. Adjutant:</strong><br />
Steffen Thediek</td>
</tr>
<tr>
<td><img loading="lazy" decoding="async" class="alignnone wp-image-7311 " title="1. Offizier: Simon Schäfer" src="https://horrido.info/wp-content/uploads/2024/04/DSC_0337-333x500.jpg" alt="" width="200" height="300" srcset="https://horrido.info/wp-content/uploads/2024/04/DSC_0337-333x500.jpg 333w, https://horrido.info/wp-content/uploads/2024/04/DSC_0337-1024x1536.jpg 1024w, https://horrido.info/wp-content/uploads/2024/04/DSC_0337-1365x2048.jpg 1365w, https://horrido.info/wp-content/uploads/2024/04/DSC_0337-scaled.jpg 1707w" sizes="auto, (max-width: 200px) 100vw, 200px" /></td>
<td><strong>1. Offizier:</strong><br />
Sebastian Stoll</td>
<td><img loading="lazy" decoding="async" class="alignnone wp-image-7315 " title="2. Offizier: Sebastian Stoll" src="https://horrido.info/wp-content/uploads/2024/04/DSC_0347-333x500.jpg" alt="" width="200" height="300" srcset="https://horrido.info/wp-content/uploads/2024/04/DSC_0347-333x500.jpg 333w, https://horrido.info/wp-content/uploads/2024/04/DSC_0347-1024x1536.jpg 1024w, https://horrido.info/wp-content/uploads/2024/04/DSC_0347-1365x2048.jpg 1365w, https://horrido.info/wp-content/uploads/2024/04/DSC_0347-scaled.jpg 1707w" sizes="auto, (max-width: 200px) 100vw, 200px" /></td>
<td><strong>2. Offizier:</strong><br />
Patrick Hubelitz</td>
</tr>
<tr>
<td><img loading="lazy" decoding="async" class="alignnone wp-image-7285 " title="3. Offizier: Patrick Hubelitz" src="https://horrido.info/wp-content/uploads/2024/04/DSC_0285-333x500.jpg" alt="" width="200" height="300" srcset="https://horrido.info/wp-content/uploads/2024/04/DSC_0285-333x500.jpg 333w, https://horrido.info/wp-content/uploads/2024/04/DSC_0285-1024x1536.jpg 1024w, https://horrido.info/wp-content/uploads/2024/04/DSC_0285-1365x2048.jpg 1365w, https://horrido.info/wp-content/uploads/2024/04/DSC_0285-scaled.jpg 1707w" sizes="auto, (max-width: 200px) 100vw, 200px" /></td>
<td><strong>3. Offizier:</strong><br />
Tizian Knue</td>
</tr>
<tr>
<td>Bild folgt</td>
<td><strong>Fahnenoffizier:</strong><br />
Johannes Gerdes</td>
<td>Bild folgt</td>
<td><strong>Fähnrich:<br />
</strong> Jan-Mathis Höving</td>
</tr>
<tr>
<td>Bild folgt</td>
<td><strong>Waffenoffizier:</strong><br />
Maik Merscher</td>
<td><img loading="lazy" decoding="async" class="alignnone  wp-image-7304" src="https://horrido.info/wp-content/uploads/2024/04/DSC_0323a-389x500.jpg" alt="" width="160" height="205" srcset="https://horrido.info/wp-content/uploads/2024/04/DSC_0323a-389x500.jpg 389w, https://horrido.info/wp-content/uploads/2024/04/DSC_0323a.jpg 796w" sizes="auto, (max-width: 160px) 100vw, 160px" /></td>
<td><strong>Waffenoffizier:</strong><br />
Markus Breckweg</td>
</tr>
<tr>
<td>Bild folgt</td>
<td><strong>Waffenoffizier:</strong><br />
Ludger Stoll</td>
<td>Bild folgt</td>
<td><strong>Waffenoffizier:</strong><br />
Marcel Küterlucks</td>
</tr>
<tr>
<td>Bild folgt</td>
<td><strong>ZBV:</strong><br />
Jonas Landwehr</td>
<td>Bild folgt</td>
<td><strong>ZBV:</strong><br />
Jan Weßling</td>
</tr>
<tr>
<td><img loading="lazy" decoding="async" class="alignnone  wp-image-7290" src="https://horrido.info/wp-content/uploads/2024/04/DSC_0292a-389x500.jpg" alt="" width="160" height="206" srcset="https://horrido.info/wp-content/uploads/2024/04/DSC_0292a-389x500.jpg 389w, https://horrido.info/wp-content/uploads/2024/04/DSC_0292a.jpg 815w" sizes="auto, (max-width: 160px) 100vw, 160px" /></td>
<td><strong>ZBV:</strong><br />
Jannis Rumpke</td>
<td>Bild folgt</td>
<td><strong>ZBV:<br />
</strong>Pascal Overberg</td>
</tr>
</tbody>
</table>

<p>Auf dieser Seite werden alle Vorstandsmitglieder und Offiziere vorgestellt. Der Vorstand und der Kommandeur wurden am 17. Januar 2026 auf der Generalversammlung gewählt. Die Offiziere wurden in diesem Jahr auf der &#8222;Osterversammlung&#8220; am 11. April 2026 durch die dort anwesenden</p>
